57 and 9307?
41
Calculate the highest common divisor of 550 and 2000.
50
What is the highest common factor of 128476 and 92?
4
What is the highest common divisor of 232 and 32?
8
What is the greatest common divisor of 35 and 560?
35
What is the greatest common divisor of 204369 and 363?
363
Calculate the greatest common divisor of 1039554 and 9982.
1426
What is the greatest common divisor of 108278 and 2?
2
What is the highest common factor of 2350 and 73790?
470
Calculate the highest common factor of 90220 and 1170.
130
Calculate the highest common factor of 36 and 122652.
36
Calculate the highest common divisor of 1228 and 698118.
614
Calculate the highest common divisor of 26565 and 86595.
345
Calculate the highest common factor of 183880 and 440.
40
Calculate the highest common divisor of 506 and 6164.
46
Calculate the highest common divisor of 7968 and 2688.
96
Calculate the highest common factor of 128107 and 7.
7
Calculate the highest common factor of 21 and 229250.
7
What is the highest common divisor of 3630 and 456170?
1210
Calculate the highest common factor of 108 and 5454.
54
What is the greatest common divisor of 3773 and 210945?
343
What is the highest common factor of 2444181 and 237?
237
What is the greatest common divisor of 817834 and 92?
46
What is the highest common divisor of 1782 and 1518?
66
What is the highest common factor of 1525 and 1025?
25
Calculate the greatest common divisor of 337034 and 86.
86
Calculate the greatest common factor of 368 and 4112.
16
Calculate the highest common divisor of 462 and 35838.
66
What is the greatest common factor of 90 and 80960?
10
What is the greatest common divisor of 5880 and 132?
12
Calculate the greatest common divisor of 1250 and 12250.
250
What is the greatest common divisor of 7710687 and 823?
823
What is the greatest common factor of 289790 and 110?
10
What is the greatest common factor of 89953 and 46?
23
Calculate the highest common divisor of 317256 and 72.
24
Calculate the greatest common divisor of 1152 and 154624.
128
Calculate the greatest common divisor of 360 and 15705.
45
Calculate the highest common divisor of 48 and 22980.
12
Calculate the highest common divisor of 2470 and 2090.
190
Calculate the greatest common factor of 3174260 and 20.
20
Calculate the highest common divisor of 24 and 16560.
24
What is the greatest common factor of 4335 and 225?
15
Calculate the highest common factor of 7350 and 150.
150
What is the greatest common divisor of 276422 and 574?
82
What is the greatest common divisor of 1035988 and 3444?
164
What is the greatest common divisor of 32 and 25568?
32
What is the highest common factor of 3078 and 32376?
114
Calculate the greatest common divisor of 64898 and 74.
74
What is the highest common factor of 308 and 1249094?
154
What is the greatest common factor of 3720 and 93?
93
Calculate the highest common divisor of 54346 and 58.
58
What is the highest common divisor of 2528 and 6584?
8
Calculate the greatest common divisor of 166045 and 55.
55
Calculate the highest common factor of 26766 and 3924.
18
What is the greatest common divisor of 3914 and 8446?
206
Calculate the highest common divisor of 1543295 and 15.
5
Calculate the greatest common divisor of 40 and 21580.
20
Calculate the greatest common factor of 285 and 20625.
15
What is the highest common divisor of 20660 and 440?
20
What is the highest common factor of 12261 and 15879?
201
Calculate the greatest common divisor of 1012 and 81443.
23
What is the greatest common divisor of 272 and 174080?
272
Calculate the highest common factor of 10 and 337390.
10
Calculate the greatest common divisor of 1858817 and 246.
41
What is the highest common divisor of 21 and 102414?
3
Calculate the highest common divisor of 22321 and 5353.
101
Calculate the highest common factor of 19775 and 3.
1
Calculate the greatest common factor of 180527 and 334.
167
What is the highest common divisor of 56406 and 9996?
714
What is the greatest common factor of 40024 and 136?
8
Calculate the highest common divisor of 534548 and 35.
7
Calculate the greatest common divisor of 77886 and 27.
9
Calculate the greatest common divisor of 4351 and 41907.
229
Calculate the greatest common factor of 15 and 17288730.
15
Calculate the greatest common factor of 5172 and 252.
12
Calculate the highest common divisor of 226800 and 260.
20
What is the highest common divisor of 254838 and 36?
6
What is the highest common factor of 19939 and 2921?
127
What is the greatest common divisor of 173397 and 345?
69
What is the highest common divisor of 33059 and 52?
13
What is the greatest common factor of 60 and 2005590?
30
Calculate the greatest common divisor of 64 and 32708.
4
Calculate the highest common divisor of 2928 and 132.
12
Calculate the highest common divisor of 1452 and 6996.
132
What is the highest common factor of 172 and 30616?
172
Calculate the greatest common factor of 691560 and 339.
339
What is the greatest common factor of 11193 and 820?
41
What is the greatest common factor of 813 and 369?
3
Calculate the highest common divisor of 5491 and 329783.
323
Calculate the greatest common divisor of 8685 and 360.
45
What is the highest common factor of 92912 and 16?
16
What is the greatest common factor of 228 and 16452?
12
What is the greatest common divisor of 2024 and 272?
8
What is the greatest common factor of 49 and 300727?
7
Calculate the highest common factor of 12699 and 16.
1
Calculate the greatest common factor of 6 and 14078.
2
What is the highest common divisor of 7 and 137081?
7
Calculate the highest common divisor of 9926 and 56.
14
What is the highest common divisor of 11 and 13180?
1
Calculate the highest common divisor of 200 and 2736360.
40
What is the greatest common factor of 5110 and 865780?
730
What is the highest common divisor of 259 and 15947?
37
Calculate the greatest common factor of 142 and 21797.
71
Calculate the highest common factor of 451 and 3527271.
451
Calculate the greatest common factor of 102201 and 2926.
209
Calculate the highest common factor of 501 and 57281.
167
Calculate the greatest common divisor of 752 and 75059.
47
What is the highest common divisor of 22256 and 6032?
208
Calculate the greatest common factor of 4529 and 147.
7
Calculate the highest common divisor of 2964 and 7020.
156
Calculate the greatest common factor of 676 and 27352.
52
Calculate the greatest common divisor of 2958 and 14442.
174
What is the greatest common factor of 2640 and 241260?
60
Calculate the greatest common divisor of 36 and 10197.
9
Calculate the highest common factor of 18130 and 1260.
70
Calculate the highest common divisor of 2222 and 154.
22
What is the highest common factor of 9 and 37803?
3
What is the highest common divisor of 48 and 32496?
48
Calculate the greatest common divisor of 970 and 8950.
10
Calculate the greatest common factor of 48875 and 2737.
391
What is the highest common factor of 189 and 7987?
7
Calculate the greatest common divisor of 3955 and 3605.
35
What is the greatest common factor of 5205428 and 332?
332
Calculate the greatest common divisor of 6885 and 238.
17
What is the greatest common factor of 545 and 3084155?
545
Calculate the highest common divisor of 3192 and 1988.
28
What is the greatest common divisor of 150 and 33?
3
Calculate the highest common divisor of 1178 and 7006.
62
Calculate the highest common divisor of 21121 and 1.
1
Calculate the highest common factor of 2878 and 6.
2
What is the greatest common factor of 416232 and 48?
24
What is the highest common divisor of 661 and 812369?
661
What is the greatest common divisor of 30738 and 1598?
94
What is the highest common factor of 2000 and 54880?
80
What is the highest common divisor of 314 and 809806?
314
Calculate the greatest common divisor of 33168 and 1584.
48
What is the highest common factor of 6 and 64370?
2
What is the highest common divisor of 1162 and 13280?
166
Calculate the greatest common factor of 2884 and 134624.
28
What is the greatest common divisor of 1264 and 9408?
16
What is the highest common divisor of 1728 and 271944?
216
What is the greatest common divisor of 224058 and 7062?
642
Calculate the greatest common divisor of 6 and 2105322.
6
Calculate the highest common